**2 - o. Calculate k(a).
-7
Suppose 4*z = 11*y - 6*y + 18, 5*y = -2*z + 24. Let r(g) = -g**3 + 7*g**2 + 3. What is r(z)?
3
Let b = -12 + 14. Let j(w) = w**2 + w + 1. Let h(v) = -3*v**2 - 11*v + 3. Let u(a) = b*j(a) + h(a). What is u(-9)?
5
Let s = 5 - 7. Let x(a) be the first derivative of -2 + 2/3*a**3 + a + 3/2*a**2. What is x(s)?
3
Let a = 16 - 6. Suppose -9*r + 4*r - a = 0. Let v(p) = -4*p**3 - 5*p + 4. Let k(z) = -5*z**3 - z**2 - 6*z + 5. Let t(u) = r*k(u) + 3*v(u). Give t(2).
-12
Let m(f) = -6*f**2 - 11*f - 11. Let l(y) = -5*y**2 - 11*y - 11. Let k(p) = 5*l(p) - 4*m(p). What is k(-8)?
13
Let o(f) = 3*f - 1. Let s(i) = 7*i + 6. Let r(q) = 2*o(q) - s(q). Give r(-6).
-2
Let n(h) be the first derivative of h**3/3 - h**2/2 + 3*h + 2. Let k = -8 + 0. Let c = k - -11. Determine n(c).
9
Let f be 24/(-2)*(3 - 4). Suppose -f = 4*b - 6*b. Let a(k) = -k**2 + 7*k - 6. What is a(b)?
0
Let m(u) be the first derivative of 2*u**3/3 - 4*u**2 - 7*u + 836. Calculate m(5).
3
Let s(i) = i**2 - 3*i + 4. Suppose 6 - 30 = -8*h. What is s(h)?
4
Let t(r) = -5*r - 6*r**2 - 5*r + 12*r + 3*r**2. Determine t(3).
-21
Let p(l) = l**2 - 4*l + 1. Suppose -13*i + 100 = 35. Calculate p(i).
6
Let z(u) be the third derivative of 5*u**4/24 - 5*u**3/3 + 210*u**2. Calculate z(3).
5
Let g(s) = -2*s**3 + 4*s**2 - 2*s. Suppose 10*x - 12*x = 2. Let k be 1 + (1 - x) + -1. What is g(k)?
-4
Let c(m) = -2*m**3 + 2*m**2 + 2*m - 3. Let b = 154 + -152. What is c(b)?
-7
Let x(n) = n**3 - 3*n**2 - 3. Let w be ((-80)/12)/(3/9). Let s = -17 - w. Give x(s).
-3
Let t(a) = a**3 - 4*a**2 + a + 7. Let w(h) = 19*h - 20*h + 6*h**2 - 2*h**2 - h**3 + 0*h**2 - 6. Let q(x) = 2*t(x) + 3*w(x). What is q(3)?
2
Let h(n) = 11*n + 1. Suppose 0 = a - 3*s + 2*s - 7, 0 = 2*a - s - 11. Let b(w) = w**3 - 5*w**2 + 4*w + 2. Let y be b(a). Calculate h(y).
23
Let x(y) = -6*y**2 - 6*y + 9. Let b(j) = -j**2 - j + 2. Let s(f) = -11*b(f) + 2*x(f). Let q(h) = 4*h**2 + 5*h + 16. Let g(c) = -2*q(c) - 9*s(c). Give g(0).
4
Let b(t) be the first derivative of t**3/3 - 3*t**2 - 18*t - 206. Calculate b(8).
-2
Let v(d) be the third derivative of -d**5/60 + 7*d**4/24 - 4*d**3/3 - 119*d**2 - 3. Give v(3).
4
Let i(l) = -29*l + 53. Let n be i(2). Let m(s) = 5*s - 7. Calculate m(n).
-32
Let i = 236 - 232. Let o(x) be the second derivative of x**4/12 - 5*x**3/6 + x. Determine o(i).
-4
Let p(t) = -t**2 - 17*t - 25. Suppose -41*a + 42*a = -15. Give p(a).
5
Let r(z) = 6*z**2 + z + 1. Let n be r(2). Let g(w) = 4 - n*w + 12*w + 12*w + w**2. Determine g(4).
8
Let n(c) = c**2 + c - 1. Let m = 227 + -225. Give n(m).
5
Let w be (-20)/(-25)*10/4. Let o(j) = j**w - 6*j - 2 + 2 + 1 + 3. Calculate o(6).
4
Let j(w) = -w**2 + w + 3. Suppose 2*z = -7*p + 10*p - 15, 5*z + 28 = -2*p. Calculate j(z).
-39
Let m = 796 - 802. Let x(s) = -s**2 - s - 1. Let f(k) = -5*k**2 - 3. Let g(v) = -f(v) + 6*x(v). Determine g(m).
-3
Let o(d) be the third derivative of -d**6/120 - d**5/12 + d**4/6 - 5*d**3/6 + 2*d**2. Let y = 41 - 35. Suppose -s + y*s = -30. Determine o(s).
7
Let f be -1 - (1 - (4 + -2)). Let l be (1 + 1 - f)*-2. Let q(g) = -154*g + 322*g - 173*g - g**3 - 5*g**2. Give q(l).
4
Let w(j) = 10 - 23 + 0*j**2 - 19*j + j**2 + 0*j**2 - 13. Calculate w(20).
-6
Let y be (28 - 1) + 3 + -5. Suppose -2*s = -2*g - 22, 5*g + 0*s + y = -s. Let b(z) = z + 9. Calculate b(g).
3
Let d = -30 - -42. Suppose 3*l = -4*y + d, -6*y - 5*l + 10 = -y. Let c(w) = 3 - 4*w + 3*w + 9. Give c(y).
6
Let v(k) = -k**3 - 9*k**2 + 11*k + 6. Let f = -54 + 44. Give v(f).
-4
Let g(y) = 225 - 3*y + 4*y - 216. Let i(w) = -w - 8. Let n(x) = -3*g(x) - 4*i(x). Calculate n(-3).
2
Let i be 6/14 + (-360)/(-42). Let s = i + -7. Suppose s*y = y. Let u(x) = x**2 + x - 9. Calculate u(y).
-9
Suppose 2*s - c = 13, 6*s - 4*s - 3*c - 15 = 0. Let l(q) = q**2 - 5*q - 3. Calculate l(s).
3
Let d(x) = x**3 - 4*x**2. Let i(f) = -17*f**3 - 2*f**2 + f. Let a be i(1). Let w = a + 10. Let v be (-1)/(-2*(-1)/w). Determine d(v).
0
Let t = 21 - 19. Suppose t*d + 5 = -5. Let n(i) = -i**3 - 5*i**2 + i + 4. Calculate n(d).
-1
Suppose 5*b + i - 3*i - 11 = 0, -4*b + i + 10 = 0. Let g(c) = -2 + 206*c**2 + 4*c - 1 + c - 207*c**2 + 2*c. Determine g(b).
9
Let r(t) = -7 - t - 5*t + 0 + 3 - t**2. Suppose 4*q = 3*f - 9, -q + 5*f = -3*q + 15. Suppose -4*b + v - 24 = q, 3*b = b - v - 12. Give r(b).
-4
Let n(h) = -h**3 - h**2 + 2*h + 3. Suppose 0*v - 5*d + 72 = 2*v, 2*v + d = 72. Let i be ((-12)/v)/(1/6). Determine n(i).
3
Suppose -12 = -14*z + 11*z. Let w(g) be the second derivative of 3*g - 1/20*g**5 + 2*g**2 + 0 + 2/3*g**3 + 1/3*g**z. Determine w(5).
-1
Let g(u) be the third derivative of -u**6/120 - u**5/12 - u**4/24 + u**3/3 - u**2. Suppose -6*h = -11 - 1. Let s = h + -6. Determine g(s).
-10
Let p(z) = -2*z - 7. Let l be (100/15)/(3/(-54)). Let o = -114 - l. Determine p(o).
-19
Let o(f) be the first derivative of f**7/840 - f**6/72 + f**5/24 - f**4/12 + 7*f**3/3 + 3. Let w(d) be the third derivative of o(d). Calculate w(4).
2
Suppose 6*j = 4*j + 2*b + 22, b + 41 = 4*j. Let v(t) = 4*t - j*t**2 - 2 + 9*t**2 + 0*t. Calculate v(4).
-2
Let b(z) = -11*z + 181 + 2*z**2 - 168 - z**2. Let x be b(9). Let v(l) = 6*l + 6. Give v(x).
-24
Let d be 3*12/(-63) + (-24)/7. Let n(w) = -w**3 - 5*w**2 - 6*w - 6. Give n(d).
2
Suppose -7*c + 18 = -8*c + 5*l, -5*l = 5*c - 60. Let n(t) = -t**2 + 6*t + 2. Give n(c).
-5
Let r(d) = -16. Let o(f) = -f - 78. Let t(l) = -4*o(l) + 22*r(l). Calculate t(10).
0
Let w(a) = -5*a**3 + 59*a**2 - 14*a - 69. Let y(m) = m**3 - 15*m**2 + 3*m + 17. Let k(u) = -2*w(u) - 9*y(u). Give k(-17).
-32
Suppose 0 = -3*m - m + 16. Let h(v) = -v**2 + 14. Let d be h(m). Let f(u) = 2*u**3 + u**2 + 3*u + 2. What is f(d)?
-16
Let s(t) = -15*t - 347. Let a be s(-23). Let f(w) = 4*w**3 + 2*w**2 - 2*w - 3. Give f(a).
-23
Let n(o) = 8 - o**3 - 10 + 5 + 78*o - 81*o - 5*o**2. Determine n(-5).
18
Let w = 843 + -830. Let n(t) = 4*t - 5. Give n(w).
47
Suppose 26 = -4*v + 886. Suppose 4*z = -3*i + 146 + v, -99 = -i + 4*z. Let q(n) = -i*n + 115*n - n**2 - 4. What is q(-3)?
-13
Suppose -2*m - n = -12, -5*m = 4*n - 14 - 16. Let b(c) be the third derivative of c**5/60 - c**4/4 - 4*c**3/3 - 45*c**2 + 1. Calculate b(m).
-8
Suppose -i = -0*i - 3*t - 6, -6 = 3*i + 3*t. Suppose i = -2*x + 3*o + 4 - 0, 3*x = -3*o + 6. Let d(w) = 7*w - 5*w - x + 6. What is d(-5)?
-6
Let o = -18 + 13. Let h(j) be the third derivative of -j**5/60 - j**4/4 - j**3/2 + 94*j**2. Give h(o).
2
Suppose -2*r = -3*q - 9, -5*r + 6 = -4*q - 13. Let h(o) be the second derivative of -7*o**5/10 + o**4/12 + o**3/6 + o**2/2 - 764*o. Determine h(q).
15
Let m(h) = -h + 4. Suppose 5 = b - 18. Suppose 3*c = 2*c - b. Let z = c + 17. Determine m(z).
10
Let w(k) = 14*k**2 + 11*k - 3. Let l(u) be the first derivative of u - 5/3*u**3 - 5 - 2*u**2. Let x(g) = -11*l(g) - 4*w(g). Determine x(0).
1
Suppose -3*k + 2 = 2*w - 13, 0 = 5*k + w - 18. Let u(y) = k*y - y + 5 + 0*y - 5*y. Let h = 8 - 2. Determine u(h).
-13
Let z(t) = 2*t**3 - 14*t**2 - 3*t - 13. Let l(d) = -21*d**2 + d**3 + 4*d**3 - 19 - 5*d - 2*d**3. Let s(o) = -5*l(o) + 8*z(o). Calculate s(7).
-2
Let b(z) = -7*z + 49 - 118 + 69. Suppose l + l = 8. Calculate b(l).
-28
Let d(i) = 4*i**2 + i - 7. Let w(k) be the first derivative of -k**3 - k**2 + 7*k + 2. Let v(j) = 2*d(j) + 3*w(j). Let a = 19 - 25. Give v(a).
-5
Suppose -72 = -3*f - 54. Let m(l) = -2*l**2 + 8*l - 10. Let a(h) = -h**2 + 4*h - 5. Let t(y) = f*m(y) - 11*a(y). Give t(4).
-5
Suppose -17 = -4*n + 5*i, -2*n - 7*i = -7*n + 22. Let x(f) = 6*f + 2. Calculate x(n).
20
Let q(y) be the first derivative of -3*y**2/2 + 557. What is q(-2)?
6
Suppose 0 = v + 5*x + 12, 4*v + x = 3*x + 18. Let u(k) = -7*k**2 + 1 + 15*k**2 - 8*k**v - 8*k**2. Determine u(1).
-7
Let x(z) be the second derivative of -z**5/20 - z**4/12 + z - 36. Suppose 3 = 3*i - 0. Suppose 6*g + 3*b = 3*g + 6, -3*b = -2*g - i. Calculate x(g).
-2
Let w = -1629 - -1643. Let c(s) = -s**3 + 14*s**2 + s - 10. Calculate c(w).
4
Let s(y) = 4 + 2 - y - 2 + 2*y. Give s(0).
4
Let d = -1996 - -1998. Let g(k) be the first derivative of 1/4*k**4 - d*k**3 + k**2 + 11 - k. Give g(5).
-16
Let g(f) = -f + 4. Let s(q) = 2*q - 4. Suppose n - 3*n - 4 = 0. Let h(y) = n*s(y) - 3*g(y). Let l = -3 - -6. Determine h(l).
-7
Let q(o) = -3*o + 0*o + 3*o + o + 0*o. G